er?
False
Is 3865068959 a composite number?
False
Is 915556211 composite?
True
Is 15853280593 prime?
False
Is 1035800761 a composite number?
False
Is 287304659 a composite number?
False
Is 5740557341 a prime number?
False
Is 15313679443 a composite number?
False
Is 312091621 a prime number?
True
Is 17394259 a composite number?
False
Is 20465429893 composite?
True
Is 13839426127 a prime number?
False
Is 1690222013 a prime number?
True
Is 18946342771 a prime number?
True
Is 180729233 a composite number?
True
Is 7086306341 a composite number?
True
Is 1105170229 a composite number?
False
Is 44229364391 a prime number?
False
Is 4885289581 composite?
False
Is 34666820887 composite?
True
Is 219134598017 prime?
True
Is 280123379 prime?
True
Is 525911651 a prime number?
True
Is 117378698209 a prime number?
False
Is 591056821 prime?
True
Is 15505409258 a composite number?
True
Is 3475761433 a prime number?
False
Is 414625865 prime?
False
Is 5398523161 a prime number?
True
Is 1284245243 composite?
False
Is 607441 prime?
False
Is 366932039 composite?
False
Is 612063931 composite?
True
Is 10310962399 a composite number?
True
Is 2845198843 prime?
True
Is 4886070479 a prime number?
True
Is 39327994819 a prime number?
False
Is 318185569 prime?
False
Is 1047982997 prime?
True
Is 54026467 composite?
True
Is 2407408273 composite?
True
Is 1455240943 composite?
True
Is 328812587 a prime number?
False
Is 2597150921 a composite number?
True
Is 78652408489 a prime number?
True
Is 76845631 a composite number?
True
Is 97266063353 composite?
False
Is 51933948109 a composite number?
True
Is 431186923 a composite number?
False
Is 69675127 prime?
True
Is 2777099263 a composite number?
False
Is 3528662651 a composite number?
False
Is 3430609757 a composite number?
False
Is 22648905167 composite?
True
Is 8926066187 prime?
False
Is 131163467 a composite number?
True
Is 747742741 prime?
False
Is 104499020173 a prime number?
True
Is 103097044279 a prime number?
True
Is 7615783639 composite?
True
Is 520005991 composite?
True
Is 339003253261 a composite number?
False
Is 4571575007 prime?
False
Is 44938087871 composite?
False
Is 1833405121 composite?
False
Is 8152657069 a prime number?
False
Is 4392731293 a prime number?
False
Is 1036049269 a composite number?
True
Is 18940241783 a prime number?
True
Is 1767194267 prime?
True
Is 3855075293 prime?
True
Is 2732254193 a composite number?
True
Is 143048083 prime?
False
Is 1142662819 prime?
True
Is 20424002399 prime?
False
Is 12530841779 a prime number?
False
Is 1299840989 prime?
True
Is 76611737 prime?
True
Is 16771477147 composite?
False
Is 106593871 composite?
False
Is 5063350129 prime?
False
Is 13989160321 prime?
True
Is 13555584807 composite?
True
Is 104941665181 composite?
True
Is 27899180809 composite?
True
Is 12791445761 a prime number?
True
Is 166748019971 a prime number?
False
Is 1088729953 a prime number?
True
Is 62130045767 composite?
True
Is 1267522673 composite?
True
Is 40200470833 composite?
True
Is 1583540821 a composite number?
False
Is 77137794941 prime?
True
Is 2571658591 prime?
True
Is 293048719 composite?
False
Is 141679381 a composite number?
False
Is 3190524301 a prime number?
False
Is 887738581 composite?
False
Is 2080717139 composite?
True
Is 7419324901 prime?
True
Is 3669526967 composite?
False
Is 589214527 a composite number?
True
Is 877805549 a composite number?
False
Is 8990585183 a composite number?
False
Is 10834158827 a prime number?
False
Is 4057788347 a prime number?
True
Is 26976738599 composite?
True
Is 646987871989 a composite number?
True
Is 1119496177 prime?
True
Is 67679312314 prime?
False
Is 2485297207 a composite number?
False
Is 132255661829 composite?
True
Is 235443772153 a composite number?
True
Is 8150347585 a composite number?
True
Is 769862747 a composite number?
False
Is 2645342251 prime?
False
Is 41347217 a prime number?
False
Is 29369347709 a prime number?
False
Is 76868127937 composite?
True
Is 1629823399 a composite number?
False
Is 3800797171 composite?
True
Is 1915639289 a prime number?
True
Is 71691942823 composite?
False
Is 273475577 composite?
True
Is 217158560623 prime?
True
Is 11658288493 composite?
True
Is 34410580511 composite?
False
Is 2052761393 a prime number?
True
Is 51170042629 a prime number?
True
Is 24555311239 composite?
True
Is 972705631 composite?
True
Is 321667441 composite?
True
Is 140984233 composite?
True
Is 17783712035 composite?
True
Is 46985818837 a prime number?
True
Is 52645959437 composite?
False
Is 1050305989 a composite number?
False
Is 1363047347 composite?
False
Is 741691259 a composite number?
False
Is 1335498371 a prime number?
False
Is 17755520071 prime?
True
Is 38644141 a composite number?
False
Is 1531041881 composite?
False
Is 16835822213 prime?
False
Is 13516372481 a composite number?
True
Is 1182985927 a prime number?
True
Is 11050726171 prime?
False
Is 22467012693 a prime number?
False
Is 1445377071 composite?
True
Is 9160522087 a prime number?
False
Is 435554387 prime?
True
Is 9906152731 a prime number?
False
Is 45715495582 a composite number?
True
Is 2854177681 a prime number?
False
Is 82718854 prime?
False
Is 4279512509 a composite number?
True
Is 154768781 a prime number?
False
Is 20675191 a prime number?
True
Is 5769253 composite?
True
Is 687886009 a prime number?
True
Is 16342818067 a composite number?
False
Is 8333590123 a composite number?
False
Is 5687008927 prime?
True
Is 21252962441 composite?
False
Is 26011050797 composite?
True
Is 2338097987 a prime number?
True
Is 26308415279 a composite number?
True
Is 1256037347 composite?
True
Is 739936433 prime?
True
Is 10141202369 prime?
True
Is 15827894063 a prime number?
True
Is 1052583209 a prime number?
True
Is 2932295791 prime?
True
Is 1183957231 a composite number?
True
Is 1031098643 a composite number?
True
Is 11228016211 a composite number?
False
Is 186177853 composite?
False
Is 18440638427 composite?
True
Is 118501255141 composite?
True
Is 1215060851 a prime number?
True
Is 5328840341 a composite number?
True
Is 5910094579 composite?
False
Is 72022846877 prime?
False
Is 315876107 composite?
False
Is 49947137 prime?
True
Is 836509393 prime?
False
Is 282993983 a composite number?
False
Is 201810463 prime?
False
Is 4659443662 prime?
False
Is 85799227 composite?
True
Is 781702771799 a composite number?
False
Is 1414717553 a prime number?
True
Is 1501050763 composite?
False
Is 462615571 prime?
False
Is 1601840641 a prime number?
True
Is 71385090113 a prime number?
True
Is 1792340593 prime?
False
Is 1076694851 composite?
False
Is 2705842891 a prime number?
False
Is 8174089421 composite?
False
Is 1755656339 a prime number?
True
Is 63695631271 composite?
False
Is 149719237 prime?
False
Is 12762920321 composite?
True
Is 443104901 composite?
False
Is 208184670671 prime?
True
Is 141169351 a prime number?
True
Is 8303593897 a prime number?
True
Is 797640211 a prime number?
True
Is 494007053 composite?
False
Is 480062733 a prime number?
False
Is 7037304969 a composite number?
True
Is 4874531663 a composite number?
True
Is 2163502711 a composite number?
False
Is 2643598367 a composite number?
False
Is 12706654627 a composite number?
False
Is 56176667 a prime number?
True
Is 13891505347 composite?
False
Is 19622846042 a prime number?
False
Is 528768299 prime?
True
Is 27914995963 a prime number?
True
Is 62356001 composite?
False
Is 5742803163 a composite number?
True
Is 24801185021 a prime number?
False
Is 84172441973 prime?
True
Is 1418864287 a prime number?
True
Is 4580772919 a prime number?
False
Is 124613339519 a composite number?
True
Is 20874219127 a composite number?
False
Is 17204441149 prime?
False
Is 2515037947 prime?
False
Is 12025075193 a prime number?
False
Is 8064489311 composite?
False
Is 3657819262 a composite number?
True
Is 445780459 prime?
False
Is 2307445811 composite?
True
Is 81430079249 composite?
False
Is 13809683947 a composite number?
True
Is 32257593281 prime?
True
Is 3558938057 a prime number?
False
Is 119633049257 a prime number?
True
Is 66363301 a composite number?
True
Is 3853060837 composite?
True
Is 99616661 a prime number?
True
Is 15896163561 prime?
False
Is 80796913 prime?
True
Is 107598011 composite?
False
Is 109441532647 prime?
True
Is 937998067 a composite